[INFO] cloning repository https://github.com/Dawidkubis/smidscript
[INFO] running `Command { std: "git" "-c" "credential.helper=" "-c" "credential.helper=/workspace/cargo-home/bin/git-credential-null" "clone" "--bare" "https://github.com/Dawidkubis/smidscript" "/workspace/cache/git-repos/https%3A%2F%2Fgithub.com%2FDawidkubis%2Fsmidscript", kill_on_drop: false }`
[INFO] [stderr] Cloning into bare repository '/workspace/cache/git-repos/https%3A%2F%2Fgithub.com%2FDawidkubis%2Fsmidscript'...
[INFO] running `Command { std: "git" "rev-parse" "HEAD", kill_on_drop: false }`
[INFO] [stdout] 4ca9d2a567b7067c6d48606d7621a22e1b408af9
[INFO] checking Dawidkubis/smidscript against try#72f88fc4e9458f89516a0b8b0868f3718aec5b47 for pr-74989
[INFO] running `Command { std: "git" "clone" "/workspace/cache/git-repos/https%3A%2F%2Fgithub.com%2FDawidkubis%2Fsmidscript" "/workspace/builds/worker-7/source", kill_on_drop: false }`
[INFO] [stderr] Cloning into '/workspace/builds/worker-7/source'...
[INFO] [stderr] done.
[INFO] validating manifest of git repo https://github.com/Dawidkubis/smidscript on toolchain 72f88fc4e9458f89516a0b8b0868f3718aec5b47
[INFO] running `Command { std: "/workspace/cargo-home/bin/cargo" "+72f88fc4e9458f89516a0b8b0868f3718aec5b47" "read-manifest" "--manifest-path" "Cargo.toml", kill_on_drop: false }`
[INFO] started tweaking git repo https://github.com/Dawidkubis/smidscript
[INFO] finished tweaking git repo https://github.com/Dawidkubis/smidscript
[INFO] tweaked toml for git repo https://github.com/Dawidkubis/smidscript written to /workspace/builds/worker-7/source/Cargo.toml
[INFO] crate git repo https://github.com/Dawidkubis/smidscript already has a lockfile, it will not be regenerated
[INFO] running `Command { std: "/workspace/cargo-home/bin/cargo" "+72f88fc4e9458f89516a0b8b0868f3718aec5b47" "fetch" "--locked" "--manifest-path" "Cargo.toml", kill_on_drop: false }`
[INFO] running `Command { std: "docker" "create" "-v" "/var/lib/crater-agent-workspace/builds/worker-7/target:/opt/rustwide/target:rw,Z" "-v" "/var/lib/crater-agent-workspace/builds/worker-7/source:/opt/rustwide/workdir:ro,Z" "-v" "/var/lib/crater-agent-workspace/cargo-home:/opt/rustwide/cargo-home:ro,Z" "-v" "/var/lib/crater-agent-workspace/rustup-home:/opt/rustwide/rustup-home:ro,Z" "-e" "SOURCE_DIR=/opt/rustwide/workdir" "-e" "CARGO_TARGET_DIR=/opt/rustwide/target" "-e" "CARGO_HOME=/opt/rustwide/cargo-home" "-e" "RUSTUP_HOME=/opt/rustwide/rustup-home" "-w" "/opt/rustwide/workdir" "-m" "1610612736" "--user" "0:0" "--network" "none" "rustops/crates-build-env@sha256:d92eaeed33fa75130ca1ee6c8a01d1ffb62bac859dfdfb3450e3e5d1c0146529" "/opt/rustwide/cargo-home/bin/cargo" "+72f88fc4e9458f89516a0b8b0868f3718aec5b47" "metadata" "--no-deps" "--format-version=1", kill_on_drop: false }`
[INFO] [stdout] c76e0518aee950f6994cc2d9d47d97fae28a538a5c6cf13909cf78964709c1a6
[INFO] [stderr] WARNING: Your kernel does not support swap limit capabilities or the cgroup is not mounted. Memory limited without swap.
[INFO] running `Command { std: "docker" "start" "-a" "c76e0518aee950f6994cc2d9d47d97fae28a538a5c6cf13909cf78964709c1a6", kill_on_drop: false }`
[INFO] running `Command { std: "docker" "inspect" "c76e0518aee950f6994cc2d9d47d97fae28a538a5c6cf13909cf78964709c1a6", kill_on_drop: false }`
[INFO] running `Command { std: "docker" "rm" "-f" "c76e0518aee950f6994cc2d9d47d97fae28a538a5c6cf13909cf78964709c1a6", kill_on_drop: false }`
[INFO] [stdout] c76e0518aee950f6994cc2d9d47d97fae28a538a5c6cf13909cf78964709c1a6
[INFO] running `Command { std: "docker" "create" "-v" "/var/lib/crater-agent-workspace/builds/worker-7/target:/opt/rustwide/target:rw,Z" "-v" "/var/lib/crater-agent-workspace/builds/worker-7/source:/opt/rustwide/workdir:ro,Z" "-v" "/var/lib/crater-agent-workspace/cargo-home:/opt/rustwide/cargo-home:ro,Z" "-v" "/var/lib/crater-agent-workspace/rustup-home:/opt/rustwide/rustup-home:ro,Z" "-e" "SOURCE_DIR=/opt/rustwide/workdir" "-e" "CARGO_TARGET_DIR=/opt/rustwide/target" "-e" "CARGO_INCREMENTAL=0" "-e" "RUST_BACKTRACE=full" "-e" "RUSTFLAGS=--cap-lints=forbid" "-e" "CARGO_HOME=/opt/rustwide/cargo-home" "-e" "RUSTUP_HOME=/opt/rustwide/rustup-home" "-w" "/opt/rustwide/workdir" "-m" "1610612736" "--user" "0:0" "--network" "none" "rustops/crates-build-env@sha256:d92eaeed33fa75130ca1ee6c8a01d1ffb62bac859dfdfb3450e3e5d1c0146529" "/opt/rustwide/cargo-home/bin/cargo" "+72f88fc4e9458f89516a0b8b0868f3718aec5b47" "check" "--frozen" "--all" "--all-targets" "--message-format=json", kill_on_drop: false }`
[INFO] [stdout] 841a8953b6dc226a81da6700fc25d778f571f57bdb037cacff2253db75b951a0
[INFO] [stderr] WARNING: Your kernel does not support swap limit capabilities or the cgroup is not mounted. Memory limited without swap.
[INFO] running `Command { std: "docker" "start" "-a" "841a8953b6dc226a81da6700fc25d778f571f57bdb037cacff2253db75b951a0", kill_on_drop: false }`
[INFO] [stderr]    Compiling syn v1.0.22
[INFO] [stderr]    Compiling libc v0.2.70
[INFO] [stderr]    Compiling unicode-segmentation v1.6.0
[INFO] [stderr]    Compiling fnv v1.0.7
[INFO] [stderr]    Compiling regex-syntax v0.6.17
[INFO] [stderr]    Compiling beef v0.4.4
[INFO] [stderr]     Checking vec_map v0.8.2
[INFO] [stderr]    Compiling proc-macro-error-attr v1.0.2
[INFO] [stderr]    Compiling proc-macro-error v1.0.2
[INFO] [stderr]    Compiling proc-macro2 v1.0.13
[INFO] [stderr]    Compiling quote v1.0.5
[INFO] [stderr]    Compiling heck v0.3.1
[INFO] [stderr]     Checking atty v0.2.14
[INFO] [stderr]     Checking clap v2.33.1
[INFO] [stderr]    Compiling syn-mid v0.5.0
[INFO] [stderr]    Compiling logos-derive v0.11.5
[INFO] [stderr]    Compiling thiserror-impl v1.0.19
[INFO] [stderr]    Compiling structopt-derive v0.4.7
[INFO] [stderr]     Checking thiserror v1.0.19
[INFO] [stderr]     Checking logos v0.11.4
[INFO] [stderr]     Checking structopt v0.3.14
[INFO] [stderr]     Checking smidscript v0.1.0 (/opt/rustwide/workdir)
[INFO] [stdout] warning: unused import: `Lexer`
[INFO] [stdout]  --> src/parser.rs:6:20
[INFO] [stdout]   |
[INFO] [stdout] 6 | use logos::{Logos, Lexer};
[INFO] [stdout]   |                    ^^^^^
[INFO] [stdout]   |
[INFO] [stdout]   = note: `#[warn(unused_imports)]` on by default
[INFO] [stdout] 
[INFO] [stdout] 
[INFO] [stdout] warning: unused import: `crate::lexer::Token`
[INFO] [stdout]  --> src/error.rs:1:5
[INFO] [stdout]   |
[INFO] [stdout] 1 | use crate::lexer::Token;
[INFO] [stdout]   |     ^^^^^^^^^^^^^^^^^^^
[INFO] [stdout] 
[INFO] [stdout] 
[INFO] [stdout] warning: unused import: `Lexer`
[INFO] [stdout]  --> src/parser.rs:6:20
[INFO] [stdout]   |
[INFO] [stdout] 6 | use logos::{Logos, Lexer};
[INFO] [stdout]   |                    ^^^^^
[INFO] [stdout]   |
[INFO] [stdout]   = note: `#[warn(unused_imports)]` on by default
[INFO] [stdout] 
[INFO] [stdout] 
[INFO] [stdout] warning: unused import: `super::*`
[INFO] [stdout]    --> src/parser.rs:142:6
[INFO] [stdout]     |
[INFO] [stdout] 142 |     use super::*;
[INFO] [stdout]     |         ^^^^^^^^
[INFO] [stdout] 
[INFO] [stdout] 
[INFO] [stdout] warning: unused import: `crate::lexer::Token`
[INFO] [stdout]  --> src/error.rs:1:5
[INFO] [stdout]   |
[INFO] [stdout] 1 | use crate::lexer::Token;
[INFO] [stdout]   |     ^^^^^^^^^^^^^^^^^^^
[INFO] [stdout] 
[INFO] [stdout] 
[INFO] [stdout] error[E0599]: no method named `remainder` found for struct `Luthor<'_>` in the current scope
[INFO] [stdout]   --> src/parser.rs:64:21
[INFO] [stdout]    |
[INFO] [stdout] 64 |                     let temp = lex.remainder().split(")").next().unwrap();
[INFO] [stdout]    |                                    ^^^^^^^^^ method not found in `Luthor<'_>`
[INFO] [stdout]    | 
[INFO] [stdout]   ::: src/lexer.rs:44:1
[INFO] [stdout]    |
[INFO] [stdout] 44 | pub struct Luthor<'a> {
[INFO] [stdout]    | --------------------- method `remainder` not found for this
[INFO] [stdout] 
[INFO] [stdout] 
[INFO] [stdout] error[E0308]: mismatched types
[INFO] [stdout]   --> src/parser.rs:65:31
[INFO] [stdout]    |
[INFO] [stdout] 65 |                     lex.take_while(|&x| x != Token::BracketRight);
[INFO] [stdout]    |                                              ^^^^^^^^^^^^^^^^^^^ expected tuple, found enum `Token`
[INFO] [stdout]    |
[INFO] [stdout]    = note: expected tuple `(Token, &str)`
[INFO] [stdout]                found enum `Token`
[INFO] [stdout] 
[INFO] [stdout] 
[INFO] [stdout] error[E0308]: mismatched types
[INFO] [stdout]   --> src/parser.rs:67:32
[INFO] [stdout]    |
[INFO] [stdout] 67 |                     if Token::BracketRight != lex.next().unwrap() {
[INFO] [stdout]    |                                               ^^^^^^^^^^^^^^^^^^^ expected enum `Token`, found tuple
[INFO] [stdout]    |
[INFO] [stdout]    = note: expected enum `Token`
[INFO] [stdout]              found tuple `(Token, &str)`
[INFO] [stdout] 
[INFO] [stdout] 
[INFO] [stdout] error[E0308]: mismatched types
[INFO] [stdout]   --> src/parser.rs:72:20
[INFO] [stdout]    |
[INFO] [stdout] 72 |                         Self::paarse(Token::lexer(temp)).unwrap()
[INFO] [stdout]    |                                      ^^^^^^^^^^^^^^^^^^ expected struct `Luthor`, found struct `logos::Lexer`
[INFO] [stdout]    |
[INFO] [stdout]    = note: expected struct `Luthor<'_>`
[INFO] [stdout]               found struct `logos::Lexer<'_, Token>`
[INFO] [stdout] 
[INFO] [stdout] 
[INFO] [stdout] error: aborting due to 4 previous errors; 2 warnings emitted
[INFO] [stdout] 
[INFO] [stdout] 
[INFO] [stdout] Some errors have detailed explanations: E0308, E0599.
[INFO] [stdout] 
[INFO] [stdout] For more information about an error, try `rustc --explain E0308`.
[INFO] [stdout] 
[INFO] [stdout] error[E0599]: no method named `remainder` found for struct `Luthor<'_>` in the current scope
[INFO] [stdout]   --> src/parser.rs:64:21
[INFO] [stdout]    |
[INFO] [stdout] 64 |                     let temp = lex.remainder().split(")").next().unwrap();
[INFO] [stdout]    |                                    ^^^^^^^^^ method not found in `Luthor<'_>`
[INFO] [stdout]    | 
[INFO] [stdout]   ::: src/lexer.rs:44:1
[INFO] [stdout]    |
[INFO] [stdout] 44 | pub struct Luthor<'a> {
[INFO] [stdout]    | --------------------- method `remainder` not found for this
[INFO] [stdout] 
[INFO] [stdout] 
[INFO] [stderr] error: could not compile `smidscript`.
[INFO] [stderr] 
[INFO] [stderr] To learn more, run the command again with --verbose.
[INFO] [stderr] warning: build failed, waiting for other jobs to finish...
[INFO] [stdout] error[E0308]: mismatched types
[INFO] [stdout]   --> src/parser.rs:65:31
[INFO] [stdout]    |
[INFO] [stdout] 65 |                     lex.take_while(|&x| x != Token::BracketRight);
[INFO] [stdout]    |                                              ^^^^^^^^^^^^^^^^^^^ expected tuple, found enum `lexer::Token`
[INFO] [stdout]    |
[INFO] [stdout]    = note: expected tuple `(lexer::Token, &str)`
[INFO] [stdout]                found enum `lexer::Token`
[INFO] [stdout] 
[INFO] [stdout] 
[INFO] [stdout] error[E0308]: mismatched types
[INFO] [stdout]   --> src/parser.rs:67:32
[INFO] [stdout]    |
[INFO] [stdout] 67 |                     if Token::BracketRight != lex.next().unwrap() {
[INFO] [stdout]    |                                               ^^^^^^^^^^^^^^^^^^^ expected enum `lexer::Token`, found tuple
[INFO] [stdout]    |
[INFO] [stdout]    = note: expected enum `lexer::Token`
[INFO] [stdout]              found tuple `(lexer::Token, &str)`
[INFO] [stdout] 
[INFO] [stdout] 
[INFO] [stdout] error[E0308]: mismatched types
[INFO] [stdout]   --> src/parser.rs:72:20
[INFO] [stdout]    |
[INFO] [stdout] 72 |                         Self::paarse(Token::lexer(temp)).unwrap()
[INFO] [stdout]    |                                      ^^^^^^^^^^^^^^^^^^ expected struct `Luthor`, found struct `logos::Lexer`
[INFO] [stdout]    |
[INFO] [stdout]    = note: expected struct `Luthor<'_>`
[INFO] [stdout]               found struct `logos::Lexer<'_, lexer::Token>`
[INFO] [stdout] 
[INFO] [stdout] 
[INFO] [stdout] error: aborting due to 4 previous errors; 3 warnings emitted
[INFO] [stdout] 
[INFO] [stdout] 
[INFO] [stdout] Some errors have detailed explanations: E0308, E0599.
[INFO] [stdout] 
[INFO] [stdout] For more information about an error, try `rustc --explain E0308`.
[INFO] [stdout] 
[INFO] [stderr] error: build failed
[INFO] running `Command { std: "docker" "inspect" "841a8953b6dc226a81da6700fc25d778f571f57bdb037cacff2253db75b951a0", kill_on_drop: false }`
[INFO] running `Command { std: "docker" "rm" "-f" "841a8953b6dc226a81da6700fc25d778f571f57bdb037cacff2253db75b951a0", kill_on_drop: false }`
[INFO] [stdout] 841a8953b6dc226a81da6700fc25d778f571f57bdb037cacff2253db75b951a0
